{"id":2,"date":"2012-11-05T20:52:24","date_gmt":"2012-11-05T19:52:24","guid":{"rendered":"http:\/\/www.pelhan.si\/?page_id=2"},"modified":"2026-03-27T22:12:24","modified_gmt":"2026-03-27T21:12:24","slug":"sample-page","status":"publish","type":"page","link":"http:\/\/www.pelhan.si\/sample-page\/","title":{"rendered":"Koncerti"},"content":{"rendered":"\n<ul class=\"wp-block-list\">\n<li>7.2.2026 &#8211; Medvode &#8211; <a href=\"https:\/\/fb.me\/e\/c3QswphFw\">https:\/\/fb.me\/e\/c3QswphFw<\/a><\/li>\n\n\n\n<li>11. 3. Podelitev \u0161portnih priznanj &#8211; Dvorana PSV &#8211; Ajdov\u0161\u010dina<\/li>\n<\/ul>\n\n\n\n<ul class=\"wp-block-list\">\n<li>15. 4. 2026 &#8211; IvoRocks &#8211; Odiseja- Ljubljana &#8211; <a href=\"https:\/\/www.odiseja.si\/sl\/event\/ivo-rocks-70\/?cid=c7db67d7-4939-4716-b75b-31340d5bdd05\">https:\/\/www.odiseja.si\/sl\/event\/ivo-rocks-70\/?cid=c7db67d7-4939-4716-b75b-31340d5bdd05<\/a><\/li>\n\n\n\n<li>17. 4. oddaja Dobrojutro (gostovanje)<\/li>\n\n\n\n<li>24. 4. liza&amp;Klavdij &#8211; Rustjeva hi\u0161a &#8211; Ajdov\u0161\u010dina (gostovanje)<\/li>\n\n\n\n<li>6. 5. oddaja PopCorn &#8211; VTV (gostovanje)<\/li>\n\n\n\n<li>18. 7. Marjetna sobota &#8211; \u010crni vrh nad Idrijo<\/li>\n\n\n\n<li>5. 9. Robinova zabava &#8211; Nova Gorica<\/li>\n<\/ul>\n\n\n\n<p><\/p>\n","protected":false},"excerpt":{"rendered":"","protected":false},"author":1,"featured_media":0,"parent":0,"menu_order":3,"comment_status":"closed","ping_status":"closed","template":"","meta":{"footnotes":""},"class_list":["post-2","page","type-page","status-publish","hentry"],"_links":{"self":[{"href":"http:\/\/www.pelhan.si\/wp-json\/wp\/v2\/pages\/2","targetHints":{"allow":["GET"]}}],"collection":[{"href":"http:\/\/www.pelhan.si\/wp-json\/wp\/v2\/pages"}],"about":[{"href":"http:\/\/www.pelhan.si\/wp-json\/wp\/v2\/types\/page"}],"author":[{"embeddable":true,"href":"http:\/\/www.pelhan.si\/wp-json\/wp\/v2\/users\/1"}],"replies":[{"embeddable":true,"href":"http:\/\/www.pelhan.si\/wp-json\/wp\/v2\/comments?post=2"}],"version-history":[{"count":13,"href":"http:\/\/www.pelhan.si\/wp-json\/wp\/v2\/pages\/2\/revisions"}],"predecessor-version":[{"id":1196,"href":"http:\/\/www.pelhan.si\/wp-json\/wp\/v2\/pages\/2\/revisions\/1196"}],"wp:attachment":[{"href":"http:\/\/www.pelhan.si\/wp-json\/wp\/v2\/media?parent=2"}],"curies":[{"name":"wp","href":"https:\/\/api.w.org\/{rel}","templated":true}]}}